{"id":2,"date":"2013-10-23T13:46:19","date_gmt":"2013-10-23T13:46:19","guid":{"rendered":"http:\/\/portaldeaplicacoes.com\/?page_id=2"},"modified":"2014-10-07T12:25:20","modified_gmt":"2014-10-07T14:25:20","slug":"sample-page","status":"publish","type":"page","link":"http:\/\/portaldeaplicacoes.com\/","title":{"rendered":"In\u00edcio"},"content":{"rendered":"<p>Estamos iniciando nossas atividades, o portal de aplica\u00e7\u00f5es ir\u00e1 fornecer para os clientes diversas aplica\u00e7\u00f5es \u00fateis para o mundo corporativo.<\/p>\n<p>&nbsp;<\/p>\n","protected":false},"excerpt":{"rendered":"<p>Estamos iniciando nossas atividades, o portal de aplica\u00e7\u00f5es ir\u00e1 fornecer para os clientes diversas aplica\u00e7\u00f5es \u00fateis para o mundo corporativo. &nbsp;<\/p>\n","protected":false},"author":1,"featured_media":0,"parent":0,"menu_order":0,"comment_status":"open","ping_status":"open","template":"","meta":{"footnotes":""},"_links":{"self":[{"href":"http:\/\/portaldeaplicacoes.com\/index.php?rest_route=\/wp\/v2\/pages\/2"}],"collection":[{"href":"http:\/\/portaldeaplicacoes.com\/index.php?rest_route=\/wp\/v2\/pages"}],"about":[{"href":"http:\/\/portaldeaplicacoes.com\/index.php?rest_route=\/wp\/v2\/types\/page"}],"author":[{"embeddable":true,"href":"http:\/\/portaldeaplicacoes.com\/index.php?rest_route=\/wp\/v2\/users\/1"}],"replies":[{"embeddable":true,"href":"http:\/\/portaldeaplicacoes.com\/index.php?rest_route=%2Fwp%2Fv2%2Fcomments&post=2"}],"version-history":[{"count":7,"href":"http:\/\/portaldeaplicacoes.com\/index.php?rest_route=\/wp\/v2\/pages\/2\/revisions"}],"predecessor-version":[{"id":34,"href":"http:\/\/portaldeaplicacoes.com\/index.php?rest_route=\/wp\/v2\/pages\/2\/revisions\/34"}],"wp:attachment":[{"href":"http:\/\/portaldeaplicacoes.com\/index.php?rest_route=%2Fwp%2Fv2%2Fmedia&parent=2"}],"curies":[{"name":"wp","href":"https:\/\/api.w.org\/{rel}","templated":true}]}}